0*l - 89. Let n(h) = -5*h**3 - 35*h**2 - 19*h - 89. Let u(p) = 3*k(p) - 2*n(p). Calculate u(-14).
23
Let i(h) = 90*h. Let y(t) = -4*t**2 + 422*t - 1029. Let r be y(103). Calculate i(r).
90
Let w(v) = -v**3 + 3*v**2 + 2*v. Let t(x) = -3*x**3 + 7*x**2 + 4*x + 1. Let r(l) = 2*t(l) - 5*w(l). Let j = 5566 + -5564. Give r(j).
-14
Suppose -8*v + 128 = 328. Let k be (v + 11)*((-18)/14 + 1). Let n(f) = 3*f - 5. Calculate n(k).
7
Let l(y) = -y + 5. Suppose s - c - 75 = -2*s, 2*s + 2*c = 42. Suppose -29*z = -32*z + s. Give l(z).
-3
Let o(s) = -s**2 + 9*s + 1. Let z(p) = -p**3 - 15*p**2 + 16*p + 23. Let l be z(-16). Let q(b) = -b**2 + 17*b + 145. Let j be q(l). Determine o(j).
15
Let d(h) = h - 2*h**3 + 830381*h**2 - 830401*h**2 + 0*h**3. Calculate d(-10).
-10
Let o(b) be the first derivative of b**4/4 + 4*b**3/3 - 19*b**2/2 - 76*b - 1386. What is o(-5)?
-6
Let p(d) = -3*d + 15. Let r be p(5). Let z be (-49)/1 + (-1 - 2) + r. Let m = z + 48. Let l(n) = n**3 + 2*n**2 - 5*n + 2. What is l(m)?
-10
Let q(n) = -n**3 - 6*n**2 + n + 12. Let a be q(-6). Let p be (-9)/a + (-4)/(-8). Let k(h) = 5*h**3 + h**2 + h + 1. Calculate k(p).
-4
Let x(k) = -k**3 - 5*k**2 + 5*k - 5. Let h(d) = -2 + d**2 + 14*d**3 + 3*d - 11*d - 13*d**3. Let l be h(-3). Let b be l/(-6) - (0 + (-48)/(-9)). Calculate x(b).
1
Let w(o) = -5*o**2 + 2*o + 2. Suppose 4*i - 90 = 2*i. Suppose -132 = -41*q + i*q. Let h = 35 + q. Calculate w(h).
-14
Let d(m) be the second derivative of 7*m**3/6 - 3*m**2/2 + 4*m + 29. Calculate d(6).
39
Suppose -6*h = -4 - 26. Let k(n) = 7*n**2 + n - 1. Let o be k(-1). Let d(j) = -o + 2 - 4*j**2 - 3*j**2 + j**2 + j**3 + 7*j. What is d(h)?
7
Let l = -110 + 584. Let z(q) = -5 - 475*q + l*q + 5. Give z(0).
0
Let t(p) = p**2 + p - 12. Suppose -107 = 24*w - 96 + 205. Determine t(w).
60
Let g(i) = -i**2 + 10*i - 23. Let c(p) = -p**2 - 80*p + 169. Let k be c(2). Calculate g(k).
2
Suppose -v + 83 = -2*v - 3*c, -2*v - 201 = -c. Let j be (-2 + (-22)/(-6))*(101 + v). Let x(u) = -u**3 + 4*u**2 + 5*u + 3. Give x(j).
3
Let v(u) be the first derivative of 7*u**5/60 - u**4/24 + 3*u**3 + 4. Let p(t) be the third derivative of v(t). Let b(c) = -4*c + 73. Let s be b(18). Give p(s).
13
Let q(h) be the second derivative of -h**3/6 - 33*h**2/2 - 3498*h. Calculate q(-7).
-26
Suppose -12*c + 25 = -11. Let j(r) = 5*r - 20*r**3 + 74*r**c - 26*r**3 + 3 - 27*r**3 + 4*r**2. Give j(-3).
-3
Suppose -g - 41*h + 43*h + 13 = 0, -2*h + 5 = g. Let s(l) = 0*l + 0*l - 9*l + 4*l + 0*l + g. Calculate s(3).
-6
Let h(o) = -2*o + 5. Suppose -k + 2*k - 5 = 0, 0 = 2*c - 2*k + 22. Let f be 4 - (16/8 - c). Calculate h(f).
13
Let p(r) = -r**2 + 8*r + 2. Let h be (-6)/15 - 19/((-285)/7056). Suppose 61*a - h = 18. Calculate p(a).
2
Let l(g) = -16*g**2 - 51*g - 3. Let p = -25474 - -25471. Determine l(p).
6
Let i(x) = -x**3 + x**2 + 2*x - 3. Suppose 10*k + 21 = 11*k. Let g be k/(-3)*(-14)/(-49). Let b be i(g). Let v(t) = t**2 - 6*t + 1. What is v(b)?
-4
Let t(h) be the second derivative of -h**3/6 - 15*h**2/2 + 2*h. Suppose -18*w + 188 + 46 = 0. Let m be (-2)/(-1) + (w - 15). Give t(m).
-15
Let y(g) = g - 20. Let o(w) = 15 + 2 + 4*w - 5*w + 2. Let n(j) = 3*o(j) + 2*y(j). Let k be n(7). Let l(f) = f**2 - 10*f - 10. Calculate l(k).
-10
Let c(n) = 2*n**2 + 11*n + 12. Let g be c(-5). Suppose g*u - 14*u = 14. Let k(a) = -2*a**3 - a**2 + a. Calculate k(u).
10
Let y(x) = -28*x**2 + 9*x + 5. Let o(l) = -38*l**2 + 8*l + 3. Let v(i) = -2*o(i) + 3*y(i). Give v(-1).
-10
Let o = 5235 - 5310. Suppose 0*d = 5*d + 390. Let f = d - o. Let m(z) = -z**3 - 2*z**2 + 3*z - 4. Give m(f).
-4
Let n(q) = 15*q - 11. Suppose 6 = -i - g + 5, 3*i = 3*g + 9. Give n(i).
4
Let r(f) = -f. Suppose -c - 6*y + 38 = -3*y, 4*y - 168 = -5*c. Suppose 249 + 39 = c*g. What is r(g)?
-9
Let c(d) be the third derivative of -d**6/720 + d**5/120 + 7*d**4/24 - 3*d**3/2 - 113*d**2. Let x(y) be the second derivative of c(y). Determine x(6).
-5
Let y be 15*(-7 + (-338)/(-39)). Let m(i) = -i**3 + 25*i**2 - 2*i + 25. Determine m(y).
-25
Let s be -4 - 5 - -29 - 1. Suppose -70 = s*c - 260. Let d(g) be the first derivative of g**3/3 - 5*g**2 - g - 2. Calculate d(c).
-1
Let x(j) = 95*j + 1902. Let g be x(-20). Let t(f) = -15*f. Calculate t(g).
-30
Let b(f) be the first derivative of f**4/4 + 2*f**3 - f**2/2 + 8*f - 1. Suppose 21*d - 19*d = 16, -4*v = -4*d - 4 + 60. Calculate b(v).
14
Let o(z) be the second derivative of 1/2*z**4 + 3/2*z**2 + 3 + 6*z + 2/3*z**3 + 1/20*z**5. Give o(-6).
-21
Let p(u) = 3*u + 6. Let n = 22 + -20. Suppose n*w + 5 = 4*m + 87, 0 = -2*m + 4. Let d = w - 50. What is p(d)?
-9
Let r(m) be the first derivative of m**3/3 + 5*m**2 - 16*m + 830. Determine r(-13).
23
Let h = 39 + -31. Let u(s) = 19 - 26 - 36*s**2 + h. What is u(1)?
-35
Let x be (13912/(-481) - -21) + (-2 - (-50)/26). Let k(r) = r**3 + 6*r**2 - 6*r - 6. Calculate k(x).
-86
Let g(i) = -145*i - 150*i - 145*i - 25 + 581*i - 142*i. Give g(-19).
-6
Let d(h) be the first derivative of h**7/280 - h**5/60 - h**4/24 - 2*h**3/3 + 20*h - 140. Let w(r) be the third derivative of d(r). What is w(-1)?
-2
Let v(u) = 7*u - 219. Suppose 316 = -25*f + 564 + 527. Determine v(f).
-2
Let a(l) = 2*l**3 + l**2 + 1. Let g be (9/(-6))/(3/(-4)). Let s be -5*(40/(-25))/g. Let d be 3/(1 - s) + -1. Give a(d).
-11
Let u(k) = 181*k + 52. Let c(d) = -146*d - 51. Let q(s) = -5*c(s) - 4*u(s). What is q(-10)?
-13
Let q(t) = t**2 - 6*t - 14. Let b(u) = 2*u**2 - 8*u - 11. Let a(c) = -2*b(c) + 3*q(c). What is a(0)?
-20
Let y(a) = -a**3 - 6*a**2 + 17*a + 2. Suppose 5*k = -30, 2*u + 16 = k + 6. Determine y(u).
-6
Let b(a) = 5*a - 3. Let u be b(-8). Suppose 81*g - 56*g = 1225. Let t = u + g. Let i(f) = -f**2 + 4*f + 4. What is i(t)?
-8
Let u(o) = -o - 9. Let j be u(-11). Let p(w) be the second derivative of -2*w**3/3 + 2*w**2 + 1047*w. What is p(j)?
-4
Let g(k) = k - 176. Let h(z) = -2*z + 527. Let t(o) = 3*g(o) + h(o). Let n = -4 + -2. Determine t(n).
-7
Let c(u) = 227*u + 7 - u**2 + 10 + 216*u - 449*u. Determine c(3).
-10
Suppose 14*n = 24*n - 680. Let k(p) = -69 - 10*p + 7*p + n. Give k(-3).
8
Let f(p) = -5*p - 18. Let w be f(-4). Let x(c) = 1 + 0 - 5*c + 8*c - w*c + 2. What is x(-5)?
-2
Suppose 14*j - 17 + 3 = 0. Suppose 2*o + 9 = j. Let v(r) be the second derivative of -r**5/20 - 5*r**4/12 - r**3 - 2*r**2 - 2*r - 22. Calculate v(o).
4
Let q(c) = 2*c - 1. Let t(o) = 0*o + 0*o - 1 + 5*o. Let v(u) = 5*q(u) - 3*t(u). Suppose 42*y = 6*y + 108. Give v(y).
-17
Let b(m) = m**3 - 6*m**2 - m - 8. Let s(g) = g**3 - 6*g**2 + 4*g + 7. Let f be s(5). Suppose 0*q - f*j = 4*q - 14, 2*j + 10 = 0. What is b(q)?
-14
Let b(c) = -c**3 - 5*c**2 - c + 2. Let p(i) = -i**3 - i**2 + 6*i + 10. Let u be p(-2). Suppose 0*o - 8 = u*o. Give b(o).
-10
Suppose 2*n - 10 = 0, 11*f = 12*f - n - 76. Let t = 84 - f. Let v(j) = -3*j**2 + j + 3. What is v(t)?
-21
Let d(g) be the first derivative of -19*g**2/2 + 150*g - 110. Let q be d(8). Let c(z) = -5*z**3 + 2*z**2 + 2*z + 1. What is c(q)?
45
Let y(b) = -49 - 3*b - b**2 + 131 - 84. Give y(-3).
-2
Let n(x) = 87*x - 346. Let j(f) = 557*f - 5566. Let g be j(10). Determine n(g).
2
Let d(y) be the second derivative of y**3/2 - 79*y**2/2 + 70*y - 1. Give d(29).
8
Suppose 3*y - 245 = -4*y. Let i(x) = 13*x**2 - y*x**2 + 12*x**2 + x**3 + 11*x**2. What is i(0)?
0
Let o(g) = -42*g**3 + 105*g**2 - 187*g + 142. Let y(n) = -5*n**3 + 13*n**2 - 23*n + 18. Let d(c) = 3*o(c) - 25*y(c). What is d(-11)?
-57
Let n(r) = -20*r + 140. Let k(x) = 9*x - 62. Let s(b) = -7*k(b) - 3*n(b). Calculate s(-4).
26
Let z(x) = x**3 - 5*x**2 - 13*x - 6. Let g = 6193 + -6186. Determine z(g).
1
Let q(t) = 5*t**2 - 58*t + 84. Let w be q(10). Let x(g) be the first derivative of -1/4*g**4 + 8 - 2*g**2 - w*g - 5/3*g**3. Calculate x(-4).
-4
Let b(f) = -4*f**3 + 10*f**2 + f + 12. Let i(y) = -3*y**3 + 9*y**2 + 10. Let s(p) = -4*b(p) + 5*i(p). Suppose 0*g - 7 = 2*w + g, 4*g = -5*w - 10. Give s(w).
-10
Let u be (-10)/8 + 350/(-75) + 6. Let l(w) be the second derivative of 0 - u*w**4 - 1/2*w**2 + w**3 - 4*w. What is l(4)?
7
Let n = 35 + -31. Let a(j) = 36*j - 77*j + 39*j + n. Calculate a(5).
-6
Let i(c) be the second derivative of 3*c**3/2 - 6*c**2 + 10*c + 5. Determine i(12).
96
Let j(c) = 51*c**2 - 6. Suppose -5*k - 2*t = 0, -4*k + 8*k = -0*k - 4*t. Calculate j(